{"id":16,"date":"2026-01-26T14:20:54","date_gmt":"2026-01-26T14:20:54","guid":{"rendered":"https:\/\/saudeemvidaaju.com.br\/?page_id=16"},"modified":"2026-01-28T17:23:26","modified_gmt":"2026-01-28T17:23:26","slug":"especialidades","status":"publish","type":"page","link":"https:\/\/saudeemvidaaju.com.br\/index.php\/especialidades\/","title":{"rendered":"Especialidades"},"content":{"rendered":"<p>[et_pb_section fb_built=&#8221;1&#8243; admin_label=&#8221;Header&#8221; _builder_version=&#8221;4.27.4&#8243; _module_preset=&#8221;default&#8221; collapsed=&#8221;on&#8221; global_colors_info=&#8221;{}&#8221;][et_pb_row _builder_version=&#8221;4.27.4&#8243; _module_preset=&#8221;default&#8221; max_width=&#8221;900px&#8221; locked=&#8221;off&#8221; global_colors_info=&#8221;{}&#8221;][et_pb_column type=&#8221;4_4&#8243; _builder_version=&#8221;4.27.4&#8243; _module_preset=&#8221;default&#8221; global_colors_info=&#8221;{}&#8221;][et_pb_heading title=&#8221;Nossas Especialidades&#8221; _builder_version=&#8221;4.27.4&#8243; _module_preset=&#8221;729d8f6d-2fca-4fb5-b201-3eea15d1fb6c&#8221; title_text_align=&#8221;center&#8221; global_colors_info=&#8221;{}&#8221;][\/et_pb_heading][et_pb_text _builder_version=&#8221;4.27.5&#8243; _module_preset=&#8221;468afb95-2d71-4efa-b1c8-9c556f2705a2&#8243; text_orientation=&#8221;center&#8221; hover_enabled=&#8221;0&#8243; global_colors_info=&#8221;{}&#8221; sticky_enabled=&#8221;0&#8243;]<\/p>\n<p>Diversas especialidades reunidas em um s\u00f3 lugar para o seu bem-estar.<\/p>\n<p>[\/et_pb_text][\/et_pb_column][\/et_pb_row][et_pb_row _builder_version=&#8221;4.27.4&#8243; _module_preset=&#8221;default&#8221; global_colors_info=&#8221;{}&#8221;][et_pb_column type=&#8221;4_4&#8243; _builder_version=&#8221;4.27.4&#8243; _module_preset=&#8221;default&#8221; global_colors_info=&#8221;{}&#8221;][et_pb_image src=&#8221;https:\/\/saudeemvidaaju.com.br\/wp-content\/uploads\/2026\/01\/hospital-09.jpg&#8221; title_text=&#8221;hospital-09&#8243; _builder_version=&#8221;4.27.4&#8243; _module_preset=&#8221;d3a24b5d-3ed0-4842-aa73-77ace5fd5643&#8243; global_colors_info=&#8221;{}&#8221;][\/et_pb_image][\/et_pb_column][\/et_pb_row][\/et_pb_section][et_pb_section fb_built=&#8221;1&#8243; admin_label=&#8221;Features&#8221; _builder_version=&#8221;4.27.4&#8243; _module_preset=&#8221;default&#8221; collapsed=&#8221;on&#8221; global_colors_info=&#8221;{}&#8221;][et_pb_row column_structure=&#8221;3_5,2_5&#8243; _builder_version=&#8221;4.27.4&#8243; _module_preset=&#8221;default&#8221; global_colors_info=&#8221;{}&#8221;][et_pb_column type=&#8221;3_5&#8243; _builder_version=&#8221;4.27.4&#8243; _module_preset=&#8221;default&#8221; global_colors_info=&#8221;{}&#8221;][et_pb_heading title=&#8221;Na Cl\u00ednica Sa\u00fade em Vida, oferecemos um atendimento completo por meio de uma equipe multidisciplinar preparada para cuidar da sua sa\u00fade em todas as fases da vida. Nossas especialidades unem conhecimento t\u00e9cnico, atendimento humanizado e uma estrutura adequada para garantir qualidade, conforto e seguran\u00e7a.Atuamos com diversas \u00e1reas da sa\u00fade, sempre com foco na preven\u00e7\u00e3o, diagn\u00f3stico e tratamento, proporcionando um cuidado integrado e personalizado para cada paciente.&#8221; _builder_version=&#8221;4.27.5&#8243; _module_preset=&#8221;5e849f8b-729f-4bd0-9c8a-3975e2f815f3&#8243; global_colors_info=&#8221;{}&#8221;][\/et_pb_heading][et_pb_heading title=&#8221;Quando procurar a Cl\u00ednica Sa\u00fade em Vida?&#8221; _builder_version=&#8221;4.27.5&#8243; _module_preset=&#8221;adf8d67b-e047-451c-9c61-5b1743034466&#8243; hover_enabled=&#8221;0&#8243; global_colors_info=&#8221;{}&#8221; sticky_enabled=&#8221;0&#8243;][\/et_pb_heading][et_pb_text _builder_version=&#8221;4.27.5&#8243; _module_preset=&#8221;468afb95-2d71-4efa-b1c8-9c556f2705a2&#8243; hover_enabled=&#8221;0&#8243; global_colors_info=&#8221;{}&#8221; sticky_enabled=&#8221;0&#8243;]<\/p>\n<p data-start=\"191\" data-end=\"487\" style=\"text-align: justify;\">Voc\u00ea deve procurar a <strong data-start=\"212\" data-end=\"237\">Cl\u00ednica Sa\u00fade em Vida<\/strong> sempre que precisar de orienta\u00e7\u00e3o m\u00e9dica, acompanhamento preventivo, diagn\u00f3stico, tratamento ou cuidado especializado com a sua sa\u00fade. Atendemos desde consultas de rotina e exames preventivos at\u00e9 acompanhamentos cont\u00ednuos em diversas especialidades.<\/p>\n<p data-start=\"489\" data-end=\"795\">Seja para cuidar da sa\u00fade f\u00edsica, emocional ou bucal, nossa equipe est\u00e1 preparada para oferecer atendimento humanizado, escuta atenta e solu\u00e7\u00f5es adequadas \u00e0s suas necessidades. Aqui, voc\u00ea encontra um cuidado completo em um s\u00f3 lugar, com conforto, seguran\u00e7a e profissionais qualificados para cuidar de voc\u00ea.<\/p>\n<ul><\/ul>\n<p>[\/et_pb_text][\/et_pb_column][et_pb_column type=&#8221;2_5&#8243; _builder_version=&#8221;4.27.4&#8243; _module_preset=&#8221;default&#8221; global_colors_info=&#8221;{}&#8221;][et_pb_blurb title=&#8221;Cl\u00ednica Geral&#8221; use_icon=&#8221;on&#8221; font_icon=&#8221;&#x26;||divi||400&#8243; icon_color=&#8221;#FFFFFF&#8221; image_icon_background_color=&#8221;gcid-primary-color&#8221; image_icon_width=&#8221;16px&#8221; _builder_version=&#8221;4.27.5&#8243; _module_preset=&#8221;437acdeb-bcfb-464c-a93c-e1cec3decff9&#8243; image_icon_custom_padding=&#8221;8px|8px|8px|8px|true|true&#8221; hover_enabled=&#8221;0&#8243; border_radii_image=&#8221;on|200px|200px|200px|200px&#8221; locked=&#8221;off&#8221; global_colors_info=&#8221;{%22gcid-primary-color%22:%91%22body_quote_text_color%22,%22image_icon_background_color%22%93}&#8221; sticky_enabled=&#8221;0&#8243;]<\/p>\n<p data-start=\"707\" data-end=\"834\">Atendimento m\u00e9dico para acompanhamento da sa\u00fade, preven\u00e7\u00e3o de doen\u00e7as, diagn\u00f3sticos e orienta\u00e7\u00f5es cl\u00ednicas.<\/p>\n<p data-start=\"836\" data-end=\"969\">[\/et_pb_blurb][et_pb_blurb title=&#8221;Ginecologia&#8221; use_icon=&#8221;on&#8221; font_icon=&#8221;&#x26;||divi||400&#8243; icon_color=&#8221;#FFFFFF&#8221; image_icon_background_color=&#8221;gcid-primary-color&#8221; image_icon_width=&#8221;16px&#8221; _builder_version=&#8221;4.27.5&#8243; _module_preset=&#8221;437acdeb-bcfb-464c-a93c-e1cec3decff9&#8243; image_icon_custom_padding=&#8221;8px|8px|8px|8px|true|true&#8221; hover_enabled=&#8221;0&#8243; border_radii_image=&#8221;on|200px|200px|200px|200px&#8221; locked=&#8221;off&#8221; global_colors_info=&#8221;{%22gcid-primary-color%22:%91%22body_quote_text_color%22,%22image_icon_background_color%22%93}&#8221; sticky_enabled=&#8221;0&#8243;]<\/p>\n<p>Cuidado completo com a sa\u00fade da mulher, incluindo consultas preventivas, acompanhamento e orienta\u00e7\u00e3o especializada.<\/p>\n<p>[\/et_pb_blurb][et_pb_blurb title=&#8221;Ortopedia&#8221; use_icon=&#8221;on&#8221; font_icon=&#8221;&#x26;||divi||400&#8243; icon_color=&#8221;#FFFFFF&#8221; image_icon_background_color=&#8221;gcid-primary-color&#8221; image_icon_width=&#8221;16px&#8221; _builder_version=&#8221;4.27.5&#8243; _module_preset=&#8221;437acdeb-bcfb-464c-a93c-e1cec3decff9&#8243; image_icon_custom_padding=&#8221;8px|8px|8px|8px|true|true&#8221; hover_enabled=&#8221;0&#8243; border_radii_image=&#8221;on|200px|200px|200px|200px&#8221; locked=&#8221;off&#8221; global_colors_info=&#8221;{%22gcid-primary-color%22:%91%22body_quote_text_color%22,%22image_icon_background_color%22%93}&#8221; sticky_enabled=&#8221;0&#8243;]<\/p>\n<p>Diagn\u00f3stico e tratamento de doen\u00e7as e les\u00f5es do sistema m\u00fasculo-esquel\u00e9tico, promovendo mobilidade e qualidade de vida.<\/p>\n<p>[\/et_pb_blurb][et_pb_blurb title=&#8221;Odontologia&#8221; use_icon=&#8221;on&#8221; font_icon=&#8221;&#x26;||divi||400&#8243; icon_color=&#8221;#FFFFFF&#8221; image_icon_background_color=&#8221;gcid-primary-color&#8221; image_icon_width=&#8221;16px&#8221; _builder_version=&#8221;4.27.5&#8243; _module_preset=&#8221;437acdeb-bcfb-464c-a93c-e1cec3decff9&#8243; image_icon_custom_padding=&#8221;8px|8px|8px|8px|true|true&#8221; hover_enabled=&#8221;0&#8243; border_radii_image=&#8221;on|200px|200px|200px|200px&#8221; locked=&#8221;off&#8221; global_colors_info=&#8221;{%22gcid-primary-color%22:%91%22body_quote_text_color%22,%22image_icon_background_color%22%93}&#8221; sticky_enabled=&#8221;0&#8243;]<\/p>\n<p>Servi\u00e7os odontol\u00f3gicos completos, desde preven\u00e7\u00e3o at\u00e9 procedimentos especializados, com foco na sa\u00fade bucal e no sorriso.<\/p>\n<p>[\/et_pb_blurb][et_pb_blurb title=&#8221;Psicologia&#8221; use_icon=&#8221;on&#8221; font_icon=&#8221;&#x26;||divi||400&#8243; icon_color=&#8221;#FFFFFF&#8221; image_icon_background_color=&#8221;gcid-primary-color&#8221; image_icon_width=&#8221;16px&#8221; _builder_version=&#8221;4.27.5&#8243; _module_preset=&#8221;437acdeb-bcfb-464c-a93c-e1cec3decff9&#8243; image_icon_custom_padding=&#8221;8px|8px|8px|8px|true|true&#8221; hover_enabled=&#8221;0&#8243; border_radii_image=&#8221;on|200px|200px|200px|200px&#8221; locked=&#8221;off&#8221; global_colors_info=&#8221;{%22gcid-primary-color%22:%91%22body_quote_text_color%22,%22image_icon_background_color%22%93}&#8221; sticky_enabled=&#8221;0&#8243;]<\/p>\n<p data-start=\"1249\" data-end=\"1360\">Atendimento psicol\u00f3gico com escuta acolhedora, promovendo equil\u00edbrio emocional e sa\u00fade mental.<\/p>\n<p data-start=\"1362\" data-end=\"1469\">[\/et_pb_blurb][et_pb_blurb title=&#8221;Nutri\u00e7\u00e3o&#8221; use_icon=&#8221;on&#8221; font_icon=&#8221;&#x26;||divi||400&#8243; icon_color=&#8221;#FFFFFF&#8221; image_icon_background_color=&#8221;gcid-primary-color&#8221; image_icon_width=&#8221;16px&#8221; _builder_version=&#8221;4.27.5&#8243; _module_preset=&#8221;437acdeb-bcfb-464c-a93c-e1cec3decff9&#8243; image_icon_custom_padding=&#8221;8px|8px|8px|8px|true|true&#8221; hover_enabled=&#8221;0&#8243; border_radii_image=&#8221;on|200px|200px|200px|200px&#8221; locked=&#8221;off&#8221; global_colors_info=&#8221;{%22gcid-primary-color%22:%91%22body_quote_text_color%22,%22image_icon_background_color%22%93}&#8221; sticky_enabled=&#8221;0&#8243;]<\/p>\n<p data-start=\"1362\" data-end=\"1469\">Acompanhamento nutricional personalizado, voltado para sa\u00fade, qualidade de vida e bem-estar.<\/p>\n<p data-start=\"1471\" data-end=\"1572\">[\/et_pb_blurb][et_pb_blurb title=&#8221;Fisioterapia&#8221; use_icon=&#8221;on&#8221; font_icon=&#8221;&#x26;||divi||400&#8243; icon_color=&#8221;#FFFFFF&#8221; image_icon_background_color=&#8221;gcid-primary-color&#8221; image_icon_width=&#8221;16px&#8221; _builder_version=&#8221;4.27.5&#8243; _module_preset=&#8221;437acdeb-bcfb-464c-a93c-e1cec3decff9&#8243; image_icon_custom_padding=&#8221;8px|8px|8px|8px|true|true&#8221; hover_enabled=&#8221;0&#8243; border_radii_image=&#8221;on|200px|200px|200px|200px&#8221; locked=&#8221;off&#8221; global_colors_info=&#8221;{%22gcid-primary-color%22:%91%22body_quote_text_color%22,%22image_icon_background_color%22%93}&#8221; sticky_enabled=&#8221;0&#8243;]<\/p>\n<p data-start=\"1471\" data-end=\"1572\">Tratamentos voltados \u00e0 reabilita\u00e7\u00e3o, preven\u00e7\u00e3o e melhora da funcionalidade f\u00edsica.<\/p>\n<p data-start=\"1574\" data-end=\"1672\">[\/et_pb_blurb][et_pb_blurb title=&#8221;Pilates&#8221; use_icon=&#8221;on&#8221; font_icon=&#8221;&#x26;||divi||400&#8243; icon_color=&#8221;#FFFFFF&#8221; image_icon_background_color=&#8221;gcid-primary-color&#8221; image_icon_width=&#8221;16px&#8221; _builder_version=&#8221;4.27.5&#8243; _module_preset=&#8221;437acdeb-bcfb-464c-a93c-e1cec3decff9&#8243; image_icon_custom_padding=&#8221;8px|8px|8px|8px|true|true&#8221; hover_enabled=&#8221;0&#8243; border_radii_image=&#8221;on|200px|200px|200px|200px&#8221; locked=&#8221;off&#8221; global_colors_info=&#8221;{%22gcid-primary-color%22:%91%22body_quote_text_color%22,%22image_icon_background_color%22%93}&#8221; sticky_enabled=&#8221;0&#8243;]<\/p>\n<p data-start=\"1574\" data-end=\"1672\">Atividades orientadas para fortalecimento, alongamento, postura e qualidade de vida.<\/p>\n<p data-start=\"1674\" data-end=\"1773\">[\/et_pb_blurb][et_pb_blurb title=&#8221;Fonoaudiologia&#8221; use_icon=&#8221;on&#8221; font_icon=&#8221;&#x26;||divi||400&#8243; icon_color=&#8221;#FFFFFF&#8221; image_icon_background_color=&#8221;gcid-primary-color&#8221; image_icon_width=&#8221;16px&#8221; _builder_version=&#8221;4.27.5&#8243; _module_preset=&#8221;437acdeb-bcfb-464c-a93c-e1cec3decff9&#8243; image_icon_custom_padding=&#8221;8px|8px|8px|8px|true|true&#8221; hover_enabled=&#8221;0&#8243; border_radii_image=&#8221;on|200px|200px|200px|200px&#8221; locked=&#8221;off&#8221; global_colors_info=&#8221;{%22gcid-primary-color%22:%91%22body_quote_text_color%22,%22image_icon_background_color%22%93}&#8221; sticky_enabled=&#8221;0&#8243;]<\/p>\n<p data-start=\"1674\" data-end=\"1773\">Avalia\u00e7\u00e3o e tratamento relacionados \u00e0 comunica\u00e7\u00e3o, fala, audi\u00e7\u00e3o e degluti\u00e7\u00e3o.<\/p>\n<p data-start=\"1775\" data-end=\"1894\">[\/et_pb_blurb][et_pb_blurb title=&#8221;Psicopedagogia&#8221; use_icon=&#8221;on&#8221; font_icon=&#8221;&#x26;||divi||400&#8243; icon_color=&#8221;#FFFFFF&#8221; image_icon_background_color=&#8221;gcid-primary-color&#8221; image_icon_width=&#8221;16px&#8221; _builder_version=&#8221;4.27.5&#8243; _module_preset=&#8221;437acdeb-bcfb-464c-a93c-e1cec3decff9&#8243; image_icon_custom_padding=&#8221;8px|8px|8px|8px|true|true&#8221; hover_enabled=&#8221;0&#8243; border_radii_image=&#8221;on|200px|200px|200px|200px&#8221; locked=&#8221;off&#8221; global_colors_info=&#8221;{%22gcid-primary-color%22:%91%22body_quote_text_color%22,%22image_icon_background_color%22%93}&#8221; sticky_enabled=&#8221;0&#8243;]<\/p>\n<p data-start=\"1775\" data-end=\"1894\">Acompanhamento focado nas dificuldades de aprendizagem, auxiliando no desenvolvimento educacional.<\/p>\n<p data-start=\"1896\" data-end=\"2023\">[\/et_pb_blurb][et_pb_blurb title=&#8221;Exames Laboratoriais&#8221; use_icon=&#8221;on&#8221; font_icon=&#8221;&#x26;||divi||400&#8243; icon_color=&#8221;#FFFFFF&#8221; image_icon_background_color=&#8221;gcid-primary-color&#8221; image_icon_width=&#8221;16px&#8221; _builder_version=&#8221;4.27.5&#8243; _module_preset=&#8221;437acdeb-bcfb-464c-a93c-e1cec3decff9&#8243; image_icon_custom_padding=&#8221;8px|8px|8px|8px|true|true&#8221; hover_enabled=&#8221;0&#8243; border_radii_image=&#8221;on|200px|200px|200px|200px&#8221; locked=&#8221;off&#8221; global_colors_info=&#8221;{%22gcid-primary-color%22:%91%22body_quote_text_color%22,%22image_icon_background_color%22%93}&#8221; sticky_enabled=&#8221;0&#8243;]<\/p>\n<p data-start=\"1896\" data-end=\"2023\">Exames com agilidade, precis\u00e3o e confiabilidade para apoio no diagn\u00f3stico e acompanhamento da sa\u00fade.<\/p>\n<p data-start=\"1896\" data-end=\"2023\">\n<p>[\/et_pb_blurb][\/et_pb_column][\/et_pb_row][\/et_pb_section]<\/p>\n","protected":false},"excerpt":{"rendered":"<p>Diversas especialidades reunidas em um s\u00f3 lugar para o seu bem-estar.Voc\u00ea deve procurar a Cl\u00ednica Sa\u00fade em Vida sempre que precisar de orienta\u00e7\u00e3o m\u00e9dica, acompanhamento preventivo, diagn\u00f3stico, tratamento ou cuidado especializado com a sua sa\u00fade. Atendemos desde consultas de rotina e exames preventivos at\u00e9 acompanhamentos cont\u00ednuos em diversas especialidades. Seja para cuidar da sa\u00fade f\u00edsica, [&hellip;]<\/p>\n","protected":false},"author":1,"featured_media":0,"parent":0,"menu_order":0,"comment_status":"closed","ping_status":"closed","template":"","meta":{"_et_pb_use_builder":"on","_et_pb_old_content":"","_et_gb_content_width":"","footnotes":""},"class_list":["post-16","page","type-page","status-publish","hentry"],"_links":{"self":[{"href":"https:\/\/saudeemvidaaju.com.br\/index.php\/wp-json\/wp\/v2\/pages\/16","targetHints":{"allow":["GET"]}}],"collection":[{"href":"https:\/\/saudeemvidaaju.com.br\/index.php\/wp-json\/wp\/v2\/pages"}],"about":[{"href":"https:\/\/saudeemvidaaju.com.br\/index.php\/wp-json\/wp\/v2\/types\/page"}],"author":[{"embeddable":true,"href":"https:\/\/saudeemvidaaju.com.br\/index.php\/wp-json\/wp\/v2\/users\/1"}],"replies":[{"embeddable":true,"href":"https:\/\/saudeemvidaaju.com.br\/index.php\/wp-json\/wp\/v2\/comments?post=16"}],"version-history":[{"count":8,"href":"https:\/\/saudeemvidaaju.com.br\/index.php\/wp-json\/wp\/v2\/pages\/16\/revisions"}],"predecessor-version":[{"id":138,"href":"https:\/\/saudeemvidaaju.com.br\/index.php\/wp-json\/wp\/v2\/pages\/16\/revisions\/138"}],"wp:attachment":[{"href":"https:\/\/saudeemvidaaju.com.br\/index.php\/wp-json\/wp\/v2\/media?parent=16"}],"curies":[{"name":"wp","href":"https:\/\/api.w.org\/{rel}","templated":true}]}}